ors of p(8).
3, 5
Let l(c) = 2*c**2 + 2*c - 2. Let g be ((-1)/(-2))/(4/(-24)). Let y be l(g). Suppose 7*w + 75 = y*w. List the prime factors of w.
5
Let a(b) = b**3 + 2*b**2 + 2*b + 1. Let f be a(-1). Let p be -4 + ((-6)/4)/(3/(-4)). List the prime factors of p*(f + -2)*1.
2
Suppose 8359 = 24*l - 3137. List the prime factors of l.
479
Let z(b) = -15*b - 23. What are the prime factors of z(-3)?
2, 11
Suppose 59*b = 64*b - 11490. What are the prime factors of b?
2, 3, 383
Let z be (6/5)/(4/10). Suppose -5*t + 4*t + 6 = 2*w, -22 = -4*w + z*t. Suppose -5*k - 5*f + 195 = 0, -4*f - 213 = -w*k - k. List the prime factors of k.
41
Let x = 25 + -16. Let f(r) be the third derivative of -r**6/120 + 2*r**5/15 + 11*r**4/24 - 2*r**2. What are the prime factors of f(x)?
2, 3
Let o be 0 + (-1 - (0 - 1)). Let a(v) be the second derivative of v**4/12 + 14*v**2 + 21*v - 1. What are the prime factors of a(o)?
2, 7
Suppose 16*v = 15*v - 19. Let i = 32 - 4. Let r = v + i. List the prime factors of r.
3
Let l be 6/((-3140)/1576 - -2). Suppose 0*h = 4*p + 3*h - 809, -4*p + 4*h = -l. List the prime factors of p.
2, 5
Let p(g) = -89*g - 17. List the prime factors of p(-6).
11, 47
What are the prime factors of ((-8)/(-10))/(9 + (-22495)/2500)?
2, 5
Suppose 14*j + 2*j - 64 = 0. What are the prime factors of (-3)/2*j/18*-15?
5
Suppose 0*u = -u. Suppose 3*d + 46 + 11 = u. Let m = d - -51. What are the prime factors of m?
2
Suppose 5000 = 4*r + 5*u, 5*r + 1915 = -u + 8165. What are the prime factors of r?
2, 5
Suppose -10*f + 19508 = -5*f - 4*a, -4*a - 15608 = -4*f. List the prime factors of f.
2, 3, 5, 13
Suppose -j - x + 24 = -5*x, -3*j + x + 17 = 0. Suppose j*s + 4 = -76. Let u = s + 27. What are the prime factors of u?
7
Suppose 3*i - 9*p = -7*p + 872, 594 = 2*i + 5*p. List the prime factors of i.
2, 73
Let h be (5 + -3 - 9) + -1. Let q be (-204)/h*16/12. Let s = q + -9. What are the prime factors of s?
5
Let u(b) = b**2 - 9*b + 27. Let c be (5 - 0)*12/5. What are the prime factors of u(c)?
3, 7
Let d be (-4)/(-14) + (-66)/(-14) + -3. Suppose x + d*x + 3*c - 261 = 0, -3*x = -2*c - 251. List the prime factors of x.
5, 17
Suppose 0 = 4*m - 8*m + 2*n + 6636, -6630 = -4*m - n. What are the prime factors of m?
2, 829
Let k = -1 + 0. Let s be k + (-2)/(4 - 6). Suppose s = -0*x + 3*x - 135. What are the prime factors of x?
3, 5
Suppose 21*j - 3100 = 680. What are the prime factors of j?
2, 3, 5
Let r(t) = t + 5. Let s be r(-3). Suppose k - s*f = 150, f - 627 + 72 = -4*k. Suppose 20 = 5*c - k. What are the prime factors of c?
2
Let u(k) = 3*k**2 + 8*k - 5. Suppose 0*c + 9*c = -54. What are the prime factors of u(c)?
5, 11
Suppose -2*p - c + 174 = -2*c, -2*p + 166 = 3*c. List the prime factors of p.
2, 43
Let g = -112 + 178. Suppose -r - 7 + g = 0. What are the prime factors of r?
59
Suppose 836 = v + 523. What are the prime factors of v?
313
Suppose 0 = v - 687 + 646. What are the prime factors of v?
41
Let i be 9/(-36) - (-1)/4. Suppose 82 = 4*r + 5*t - i*t, 5*t = -10. What are the prime factors of r?
23
What are the prime factors of 18/(-27) + 9310/6 - 1?
2, 5, 31
Let p(v) = -v**3 + 5*v**2 - 4*v + 3. Let q = 7 - 3. Let m be p(q). What are the prime factors of (0 + m)*111/9?
37
Suppose -5*w - 5*d - 205 = 0, 5*w + d = w - 161. List the prime factors of (-2536)/w - 2/5.
3, 7
Suppose 5*c - 11*n + 16*n - 135 = 0, c = -5*n + 7. What are the prime factors of c?
2
List the prime factors of (-8533)/(-3) + 5*(-12)/180.
2, 3, 79
Suppose 9*u - 278346 = -129*u. What are the prime factors of u?
2017
Suppose 2*t = -0*t + 10, 5*u = 4*t - 10. Suppose 4 = 3*a - 8, 40 = u*c + 5*a. What are the prime factors of c?
2, 5
Let x = 28 + -19. Let g be x/((-12)/(-16)*-1). Let h = 23 + g. List the prime factors of h.
11
Let z be (14/(-4))/(-7)*8. Suppose -3*w = -2*b + z*b - 191, 314 = 5*w - b. Suppose -t - w = -y, t + 244 = 4*y - t. List the prime factors of y.
59
Let r = 50 + -41. Suppose -3*y + 151 = 3*l - 2*y, -2*l - 2*y + 106 = 0. Let o = l - r. What are the prime factors of o?
2, 5
Suppose 3*x = 4*t + 16, -6*t + 7*t + 4 = -2*x. Suppose x = -2*l + 18 + 12. Suppose 20*n - 340 = l*n. What are the prime factors of n?
2, 17
Let d(n) = 105*n**3 + 9*n + 1. What are the prime factors of d(2)?
859
Suppose -9*p - 324 = -11*p. Suppose -8*t - 168 = -h - 3*t, p = h + t. List the prime factors of h.
163
Let v = 347 - 217. What are the prime factors of v?
2, 5, 13
Let q = -3 + 0. Let t be ((-11)/q + -3)*27. Suppose -4*z + 7*z = t. List the prime factors of z.
2, 3
Suppose 2*j - 25 = 5*s, 3*j - 4*j + s = -5. Let q(t) = -2*t**2 + 140. What are the prime factors of q(j)?
2, 5, 7
Suppose -17*b + 19100 + 12095 = 0. What are the prime factors of b?
5, 367
Let v(w) = 7*w - 3. Let g be v(2). Let n(s) = s**2 - 10*s - 12. Let p be n(g). Let t = 6 - p. List the prime factors of t.
7
Let i(s) = 10*s**2 - 12*s - 9. Let a(t) = 11*t**2 - 12*t - 10. Let z(b) = -5*a(b) + 6*i(b). What are the prime factors of z(6)?
2, 13
Let c(u) = u - 13 - 2*u**3 + 8*u**3 + 13*u**2 - 3*u**2 - 7*u**3. Let j be c(10). List the prime factors of -70*j/6 - 2.
3, 11
Suppose -3*j = 3*r - r - 25, -3*r = -15. Suppose m - 4*m = 4*n + 7, 2*m - 26 = j*n. List the prime factors of m.
3
Let n = 2318 + -1186. Suppose 0 = 8*g - 4*g - n. Suppose -x - g = -5*d, -x + 51 = -3*d + 222. List the prime factors of d.
2, 7
Let u = -717 + 1247. What are the prime factors of u?
2, 5, 53
Suppose -3*u = z - 400 - 239, -4*u = -2*z + 1228. List the prime factors of z.
2, 3, 13
Let q = -601 + 1030. List the prime factors of q.
3, 11, 13
Let q be 15*(1 - (-8)/(-20)). Suppose r + 5*x = -23, 2*r + q = 4*r - x. Suppose 0 = -r*z + 2*w + 56, 3 = 4*w - w. What are the prime factors of z?
29
Let l be 6/(-9)*(-1 - 2). Let o be l - (-1 + (-1 - -1)). Suppose o*y - 115 + 31 = 0. What are the prime factors of y?
2, 7
Let m = 18 + -13. Suppose 1 = -5*q + 4*y, m*y + 7 = 2. What are the prime factors of 34 - (-2 + 6)*q?
2, 19
Let b = 27 - 24. Suppose -b*n = 0, 0 = -3*o - 0*o - 4*n + 15. Suppose -2*q + o*r + 132 = r, q + 4*r = 36. List the prime factors of q.
2, 7
Let t be (-6)/21 + (-33)/7. Let i be 42/(-15) - (-1)/t. Let p = i + 25. List the prime factors of p.
2, 11
Suppose y + 1268 = m, 18*m + y + 3798 = 21*m. What are the prime factors of m?
5, 11, 23
Let b = 364 + -237. Suppose -10*o + 657 = b. What are the prime factors of o?
53
Let w = 1350 + 33. List the prime factors of w.
3, 461
Let p = -35 + 16. Let h be (-12)/8 - p/2. List the prime factors of (-12 - h)*(-8)/10.
2
Suppose -w = 4*s - 3*s + 3, s + 18 = -4*w. What are the prime factors of (-3)/(-6)*(s - -50)?
2, 13
Let w(y) = -218*y. Let i be w(-5). Suppose 0 = -14*b + 4*b + i. What are the prime factors of b?
109
Let b be (-1722)/14 - (-6 + 1). Let y = b + 133. List the prime factors of y.
3, 5
Suppose -6*v + 13*v - 1869 = 0. What are the prime factors of v?
3, 89
Suppose 3 + 25 = 14*o. Suppose -592 = -o*b - 2*b. List the prime factors of b.
2, 37
List the prime factors of -3*(-2)/(24/428).
107
Let k = 707 + -146. List the prime factors of k.
3, 11, 17
Let t(p) be the second derivative of 6*p**4 + p**2 - 44*p. What are the prime factors of t(-2)?
2, 5, 29
Let d = 3 + -1. Suppose -x - 38 = x - 2*u, -2*x - 42 = d*u. Let w = x - -35. What are the prime factors of w?
3, 5
Let j(m) = -m**3 + 16*m**2 - 16*m - 10. What are the prime factors of j(13)?
17
Let i(z) be the second derivative of 3*z**5/20 + z**4/12 - z**2/2 + 2*z. Let x be i(1). What are the prime factors of -2 - x/((-9)/201)?
5, 13
Let p(d) be the second derivative of 7*d**4/12 + d**2/2 - d. Let a be p(-1). Let s = a - -12. What are the prime factors of s?
2, 5
Suppose 0 = -0*g + 2*g + 5*q + 99, -4*g - 234 = -2*q. Let s = g + 210. List the prime factors of s.
3, 17
Let b(j) be the first derivative of j**4/4 + j**3/3 - j**2/2 - 4*j - 171. Let t(v) = v**2 - 1. Let n be t(2). What are the prime factors of b(n)?
29
Let a(l) = -61*l**3 - l**2 - l. Suppose 3*g - 20 = 2*v - g, v - 5 = -3*g. Let t be (-3)/4 - (-1)/v. List the prime factors of a(t).
61
Let a(k) = -37*k - 42. Let f = -9 + 2. What are the prime factors of a(f)?
7, 31
Let f = 533 + -359. Suppose 582 = 6*q - f. What are the prime factors of q?
2, 3, 7
Let f be (10/(-8))/((-1)/4). Suppose 0*o + q + 175 = f*o, -2*o + 5*q 